+ 16. Calculate n(-14).
16
Let s(t) = t**3 - 7*t**2 + 3*t + 20. Determine s(6).
2
Let a(n) = -n**3 + 2*n**2 + n - 1. What is a(-2)?
13
Let h(u) = -8*u**2 - 5*u + 5. Determine h(1).
-8
Let g(t) = -t**3 + 3*t**2 + 30*t + 2. Give g(-4).
-6
Let p(j) = -j - 2. Determine p(-2).
0
Let n(r) = -3*r**2 + 13*r - 36. Give n(5).
-46
Let s(j) = j**3 - 9*j**2 - 3*j - 13. Calculate s(9).
-40
Let v(g) = g**2 + 6*g + 13. Calculate v(-4).
5
Let y(w) = -w**2 - 19*w + 8. Calculate y(-18).
26
Let s(u) = u**2 + 13*u + 41. Calculate s(-9).
5
Let g(a) = a**3 - 26*a**2 - 29*a + 35. Determine g(27).
-19
Let a(f) = f**2 + f - 2. Calculate a(-5).
18
Let y(g) = -g**3 + 14*g**2 - 49*g + 1. Determine y(7).
1
Let b(d) = 2*d**2 + 4*d + 4. Give b(-4).
20
Let o(y) = y + 3. Calculate o(2).
5
Let a(m) = m - 21. Calculate a(16).
-5
Let k(x) = -33*x**3 - 2*x**2 - 3*x - 1. What is k(-1)?
33
Let f(l) = l**3 + 3*l**2 - 6*l + 25. What is f(-5)?
5
Let a(l) = -55*l + 772. Give a(14).
2
Let o(a) = 3*a**2 + 9*a - 212. Calculate o(-10).
-2
Let x(w) = -2*w + 39. What is x(23)?
-7
Let q(c) = -c**3 - 7*c**2 - 7*c - 15. Calculate q(-6).
-9
Let t(b) = -3*b - 22. Calculate t(12).
-58
Let y(s) = s**2 - 18*s - 2. What is y(9)?
-83
Let c(n) = -n**3 - 31*n**2 - 33*n - 65. What is c(-30)?
25
Let i(g) = -2*g - 2. Determine i(1).
-4
Let g(k) = 10*k - 83. Determine g(8).
-3
Let y(u) = -12*u + 17. Determine y(2).
-7
Let s(p) = -29*p**2 - 3*p + 2. Determine s(2).
-120
Let n(b) = -b**3 - 9*b**2 + b + 16. Give n(-9).
7
Let x(h) = h**3 + 10*h**2 - 15*h - 45. Calculate x(-11).
-1
Let x(s) = s**3 - 4*s**2 - 3*s - 1. Determine x(5).
9
Let p(t) = -t**3 - 11*t**2 - 13*t + 10. Calculate p(-10).
40
Let j(s) = 22*s + 60. Determine j(-3).
-6
Let r(u) = -24*u + 29. What is r(-8)?
221
Let j(n) = -n**3 - 5*n**2 - 5*n - 4. Determine j(-3).
-7
Let f(u) = u**3 + 14*u**2 - 35*u - 51. Give f(-16).
-3
Let r(s) = 38*s - 12. What is r(2)?
64
Let d(r) = -3*r - 9. Determine d(-2).
-3
Let q(k) = 3*k - 5. What is q(8)?
19
Let x(l) = -3*l - 6. Calculate x(-2).
0
Let x(k) = -25*k + 40. Calculate x(2).
-10
Let s(t) = t**3 - 9*t**2 + 2*t - 3. Determine s(9).
15
Let c(t) = 2*t**2 - 26*t + 15. Determine c(13).
15
Let n(a) = -a**3 + 9*a**2 - 7*a + 26. What is n(8)?
34
Let t(a) = 5*a**3 + a**2 - a - 2. Determine t(-2).
-36
Let k(v) = -v**3 + 8*v**2 + 33*v + 9. Calculate k(11).
9
Let a(p) = -p**3 - 14*p**2 + 31*p - 9. What is a(-16)?
7
Let u(z) = -z**3 + 11*z**2 + 13*z - 16. Determine u(12).
-4
Let t(u) = -5*u**2 + 45*u - 68. Calculate t(7).
2
Let m(x) = -5*x + 46. Calculate m(-11).
101
Let l(x) = -x**3 + 30*x**2 - x + 30. Give l(30).
0
Let l(o) = -o**3 + 21*o**2 + 23*o - 47. Calculate l(22).
-25
Let q(r) = 6*r**2 + 17*r - 36. What is q(2)?
22
Let j(d) = -2*d**3 + 12*d**2 + 2*d - 14. Give j(6).
-2
Let g(z) = -7*z - 4. Determine g(5).
-39
Let n(b) = b**2 - 9*b - 42. Give n(8).
-50
Let q(k) = k**2 - 8*k + 1. Determine q(4).
-15
Let g(s) = 26*s - 10. Calculate g(-4).
-114
Let x(y) = -y**3 - 30*y**2 - y - 42. Determine x(-30).
-12
Let b(l) = -l**3 - 13*l**2 - 15*l + 2. Determine b(-11).
-75
Let g(i) = -2*i + 1. What is g(0)?
1
Let l(k) = k**3 - 31*k**2 + 78*k + 169. Calculate l(28).
1
Let q(i) = -2*i**2 - 104*i - 116. What is q(-51)?
-14
Let c(k) = 6*k**3 - 4*k**2 + 4*k + 2. What is c(3)?
140
Let y(v) = 4*v - 38. What is y(10)?
2
Let b(u) = u**3 - 9*u**2 - 12*u + 12. Determine b(10).
-8
Let a(m) = -m**2 + 5*m + 21. Determine a(8).
-3
Let i(r) = r**2 - 17*r + 33. Calculate i(14).
-9
Let d(y) = -y**3 + y**2 - 8. Give d(0).
-8
Let a(t) = -2*t**2 + 10*t + 6. Give a(6).
-6
Let s(r) = r**2 - 9*r - 5. What is s(10)?
5
Let d(z) = 5*z**2 - 2*z - 3. Determine d(-1).
4
Let a(f) = -6*f**3 + 2*f**2 - f - 2. Calculate a(-2).
56
Let o(t) = 2*t**3 + 4*t**2 - 9*t - 10. Determine o(-3).
-1
Let m(c) = 2*c**2 - 10*c + 29. Calculate m(7).
57
Let o(h) = 2*h**2 + 10*h + 13. Determine o(-7).
41
Let c(t) = 3*t - 28. What is c(7)?
-7
Let h(f) = 4*f + 15. Determine h(-5).
-5
Let t(o) = -o**3 + 26*o**2 + o - 26. Give t(26).
0
Let j(g) = -g**3 - 7*g**2 + 52. Determine j(-5).
2
Let o(v) = -2*v - 34. Calculate o(-15).
-4
Let x(v) = -64*v + 138. Calculate x(2).
10
Let w(m) = -2*m**3 + 30*m**2 - 30*m + 29. What is w(14)?
1
Let r(l) = -l**2 + 6*l - 9. Determine r(6).
-9
Let o(c) = -2*c**3 + 3*c**2 + 3*c + 1. Calculate o(-2).
23
Let w(b) = 2*b**2 + 6*b - 6. Calculate w(4).
50
Let x(w) = w**2 + 9*w + 1. Determine x(-9).
1
Let v(h) = -12*h - 44. Give v(-4).
4
Let x(d) = 39*d - 931. Give x(24).
5
Let w(x) = x**2 - 21*x + 10. Determine w(20).
-10
Let h(x) = x**3 + 10*x**2 - 24*x - 24. What is h(-12)?
-24
Let s(j) = -j - 32. What is s(0)?
-32
Let a(f) = -f - 3. Determine a(2).
-5
Let k(l) = 3*l + 28. What is k(-13)?
-11
Let d(l) = -l**2 + 10*l + 2. Determine d(10).
2
Let m(s) = -5*s**3 + 3*s - 2. Determine m(2).
-36
Let a(i) = -i**3 + 6*i**2 - 4*i - 6. Calculate a(4).
10
Let y(c) = -2*c**3 + 5*c**2 - 2*c + 4. What is y(3)?
-11
Let c(y) = -4*y - 2. Determine c(-4).
14
Let l(d) = -3*d**2 - 45*d - 39. Give l(-14).
3
Let y(p) = -p**2 + 17*p - 27. Give y(15).
3
Let u(f) = -f**3 - 7*f**2 - 24*f - 58. Calculate u(-5).
12
Let q(p) = -p + 30. Give q(20).
10
Let s(h) = 2*h**2 + 27*h + 60. Determine s(-13).
47
Let d(t) = -t**2 + 14*t + 27. Give d(16).
-5
Let t(z) = -27*z**3 - 2*z**2 + 1. Determine t(-1).
26
Let n(i) = 5*i**2 + 4*i - 2. Determine n(2).
26
Let k(t) = 3*t**2 - 2*t + 2. Calculate k(1).
3
Let d(m) = -27*m**2 + 8*m - 6. Give d(1).
-25
Let l(v) = -v**3 - 9*v**2 - 8*v + 5. Give l(-6).
-55
Let f(j) = -j**3 - 3*j**2 + 2*j - 1. Determine f(-2).
-9
Let c(k) = 3*k + 12. Give c(-6).
-6
Let y(c) = 10*c - 191. Determine y(21).
19
Let p(g) = -5*g**2 + 7*g + 10. What is p(-2)?
-24
Let s(v) = v**3 + 10*v**2 + 6*v - 5. Calculate s(-9).
22
Let j(f) = f**3 + 7*f**2 + 9*f - 6. Calculate j(-5).
-1
Let f(q) = -q**2 + 7*q + 1. Give f(7).
1
Let f(u) = u**3 - 12*u**2 + u - 17. Calculate f(12).
-5
Let g(d) = -d**2 + 18*d + 26. Give g(18).
26
Let m(n) = -2*n**3 + 4*n**2 - 6*n + 11. Give m(3).
-25
Let z(f) = -2*f**3 - 4*f**2 + 8*f - 17. Calculate z(-4).
15
Let m(g) = -3*g - 15. Give m(-13).
24
Let l(a) = -69*a + 6. What is l(0)?
6
Let u(q) = -q + 52. Determine u(31).
21
Let g(o) = o**3 - o**2 - 20*o - 5. Give g(5).
-5
Let m(f) = -3*f**3 - f**2 + 2*f + 2. Determine m(-2).
18
Let h(u) = u**2 + u + 4. What is h(0)?
4
Let b(t) = -t**3 - 6*t**2 - 5*t + 5. Determine b(-5).
5
Let k(v) = v**3 - 4*v**2 + 8*v - 18. Calculate k(3).
-3
Let w(z) = -29*z**3 - 2*z**2 - z. Calculate w(-1).
28
Let v(p) = -p**2 + 20*p + 37. Determine v(22).
-7
Let j(h) = -87*h**3 - 3*h**2 - 4*h - 2. Give j(-1).
86
Let r(d) = -5*d**2 - 8*d - 7. Give r(-2).
-11
Let o(j) = 2*j**2 + 26*j - 34. Give o(-14).
-6
Let h(u) = -4*u**3 - 7*u**2 + 2*u + 5. Determine h(-3).
44
Let a(j) = -j**3 + 12*j**2 + 12*j. Calculate a(13).
-13
Let h(n) = -2*n**3 + 2*n - 4. Determine h(-3).
44
Let v(b) = b**3 + 15*b**2 + 27*b - 13. Calculate v(-13).
-26
Let o(c) = -9*c + 67. What is o(7)?
4
Let g(r) = -r**3 - 33*r**2 - 61*r + 21. Give g(-31).
-10
Let d(k) = -k**2 + 19*k - 72. Determine d(11).
16
Let n(r) = -2*r**3 + 9*r**2 + 19*r - 4. What is n(6)?
2
Let p(f) = -f**3 + 6*f**2 - 5*f + 8. Give p(5).
8
Let t(k) = 4*k**3 + k**2 - k - 1. Give t(-2).
-27
Let q(d) = -d**3 - 8*d**2 - 10*d - 7. Give q(-6).
-19
Let y(n) = -16*n - 7. Calculate y(1).
-23
Let x(i) = i**3 - 27*i**2 - 27*i - 23. Determine x(28).
5
Let o(i) = -2*i**2 - 16*i - 34. What is o(-8)?
-34
Let f(w) = w**3 + 18*w**2 - 1. Determine f(-18).
-1
Let a(z) = -22*z + 1297. Calculate a(59).
-1
Let o(g) = 25*g + 1. Determine o(-2).
-49
Let o(t) = 2*t**3 + 9*t**2 + 6*t - 7. Give o(-3).
2
Let h(t) = 4*t + 20. Calculate h(-5).
0
Let k(o) = o**3 - 10*o**2 - 10*o + 9. Determine k(11).
20
Let c(m) = -2*m + 15. Determine c(9).
-3
Let h(q) = q**2 - 2*q - 1. What is h(2)?
-1
Let q(r) = r**3 + 5*r**2 + r + 10. What is q(-5)?
5
Let t(q) = -q**3 - 10*q**2 - 2*q - 13. Calculate t(-5).
-128
Let l(h) = h**2 + 10*h + 7. Determine l(-9).
-2
Let q(b) = 4*b - 4. Give q(7).
24
Let u(f) = -f**3 - 4*f**2 + 3*f + 10. Determine u(-4).
-2
Let l(f) = -f**2 + 36*f - 319. Give l(15).
-4
Let z(y) = -2*y + 47. What is z(24)?
-1
Let n(v) = 2*v**2 - 6*v - 19. Give n(-3).
17
Let p(m) = -15*m**2 + 44*m - 43. What is p(1)?
-14
Let n(h) = h**3 + 20*h*